 is divided by 814?
765
Calculate the remainder when 6343006 is divided by 197.
0
Calculate the remainder when 17515559 is divided by 30.
29
Calculate the remainder when 538545 is divided by 1048.
921
What is the remainder when 9813530 is divided by 545189?
128
Calculate the remainder when 7065346 is divided by 164310.
16
What is the remainder when 3588965 is divided by 385?
380
Calculate the remainder when 7065891 is divided by 3719.
3510
What is the remainder when 2401975 is divided by 800581?
232
Calculate the remainder when 3964933 is divided by 35.
28
Calculate the remainder when 10978989 is divided by 251.
249
What is the remainder when 12459 is divided by 2826?
1155
What is the remainder when 3496189 is divided by 5630?
5589
Calculate the remainder when 5631191 is divided by 3214.
263
Calculate the remainder when 2331521009 is divided by 10998.
10997
Calculate the remainder when 800347 is divided by 10275.
9172
Calculate the remainder when 598952 is divided by 149738.
0
What is the remainder when 281466 is divided by 13403?
3
What is the remainder when 17232 is divided by 2875?
2857
Calculate the remainder when 12329985 is divided by 1268.
1221
Calculate the remainder when 2115552 is divided by 182.
166
Calculate the remainder when 642652 is divided by 45903.
10
Calculate the remainder when 27704 is divided by 4314.
1820
Calculate the remainder when 2192646 is divided by 6624.
102
What is the remainder when 886441 is divided by 220?
61
What is the remainder when 3901785 is divided by 525?
510
What is the remainder when 21563594 is divided by 42?
38
Calculate the remainder when 58312 is divided by 8177.
1073
Calculate the remainder when 109205 is divided by 102213.
6992
What is the remainder when 14377511 is divided by 771?
674
What is the remainder when 228846 is divided by 4678?
4302
What is the remainder when 3057644 is divided by 16?
12
Calculate the remainder when 5600636 is divided by 86161.
171
Calculate the remainder when 526718 is divided by 22.
16
What is the remainder when 2127619 is divided by 100?
19
Calculate the remainder when 345868 is divided by 115197.
277
What is the remainder when 617292 is divided by 308568?
156
What is the remainder when 31577337 is divided by 5435?
5422
Calculate the remainder when 6481842 is divided by 625.
592
Calculate the remainder when 4624317 is divided by 12.
9
Calculate the remainder when 127331 is divided by 9439.
4624
What is the remainder when 45307 is divided by 6470?
17
Calculate the remainder when 145944 is divided by 8566.
322
What is the remainder when 319540 is divided by 313?
280
What is the remainder when 128161539 is divided by 158?
155
Calculate the remainder when 15426 is divided by 15423.
3
What is the remainder when 485506 is divided by 32363?
61
Calculate the remainder when 167346 is divided by 2987.
74
Calculate the remainder when 399926813 is divided by 145.
138
What is the remainder when 7185 is divided by 6869?
316
What is the remainder when 40861 is divided by 2888?
429
Calculate the remainder when 2255004 is divided by 5395.
5289
What is the remainder when 93888 is divided by 860?
148
Calculate the remainder when 7815948 is divided by 536.
532
Calculate the remainder when 18785430 is divided by 417.
414
What is the remainder when 38441 is divided by 2374?
457
What is the remainder when 2426774 is divided by 134799?
392
Calculate the remainder when 20837033 is divided by 89.
86
Calculate the remainder when 3821957 is divided by 1910948.
61
What is the remainder when 4151135 is divided by 223?
213
Calculate the remainder when 2699689 is divided by 299965.
4
Calculate the remainder when 14658142 is divided by 4454.
28
What is the remainder when 9984 is divided by 7889?
2095
What is the remainder when 33656 is divided by 16725?
206
What is the remainder when 6512492 is divided by 465178?
0
What is the remainder when 318632 is divided by 45510?
62
What is the remainder when 1169268 is divided by 41752?
212
What is the remainder when 572251 is divided by 796?
723
What is the remainder when 1473485 is divided by 491152?
29
What is the remainder when 344482 is divided by 24134?
6606
What is the remainder when 117787169 is divided by 1052?
1041
Calculate the remainder when 905313 is divided by 495.
453
Calculate the remainder when 357232 is divided by 23815.
7
Calculate the remainder when 2244779 is divided by 448953.
14
What is the remainder when 16561434 is divided by 144?
138
Calculate the remainder when 261657705 is divided by 78.
75
What is the remainder when 587428 is divided by 586754?
674
What is the remainder when 7856 is divided by 2518?
302
What is the remainder when 228196 is divided by 242?
232
What is the remainder when 116122727 is divided by 505?
502
What is the remainder when 1257651 is divided by 314407?
23
Calculate the remainder when 36223 is divided by 987.
691
Calculate the remainder when 511603 is divided by 73079.
50
Calculate the remainder when 161555351 is divided by 2499.
2498
What is the remainder when 2817338 is divided by 3242?
40
Calculate the remainder when 194978 is divided by 1425.
1178
Calculate the remainder when 12962519 is divided by 6481252.
15
Calculate the remainder when 4574 is divided by 1267.
773
What is the remainder when 905186 is divided by 4213?
3604
Calculate the remainder when 6460666 is divided by 22511.
9
What is the remainder when 155756260 is divided by 95850?
10
What is the remainder when 3485577 is divided by 42507?
3
Calculate the remainder when 24583376 is divided by 54388.
0
What is the remainder when 52221 is divided by 17381?
78
What is the remainder when 4146434 is divided by 1601?
1445
What is the remainder when 19864235 is divided by 6014?
6007
Calculate the remainder when 2131480 is divided by 1065740.
0
Calculate the remainder when 6468567 is divided by 150430.
77
What is the remainder when 1400 is divided by 508?
384
What is the remainder when 13129549 is divided by 2450?
2449
Calculate the remainder when 7882410 is divided by 23.
11
Calculate the remainder when 769998 is divided by 72.
30
What is the remainder when 86629757 is divided by 163?
147
Calculate the remainder when 2693320 is divided by 31686.
10
Calculate the remainder when 6268165 is divided by 69.
67
What is the remainder when 1191539 is divided by 12034?
173
What is the remainder when 14255339 is divided by 5?
4
What is the remainder when 15312 is divided by 896?
80
Calculate the remainder when 431579 is divided by 143857.
8
What is the remainder when 314264 is divided by 2686?
2
What is the remainder when 164109 is divided by 2562?
141
What is the remainder when 3615863 is divided by 314?
153
What is the remainder when 1079454099 is divided by 10540?
10539
Calculate the remainder when 2109691 is divided by 373.
3
Calculate the remainder when 10488854 is divided by 61.
26
Calculate the remainder when 1673214 is divided by 74.
0
Calculate the remainder when 11572 is divided by 210.
22
Calculate the remainder when 1350054 is divided by 1991.
156
What is the remainder when 27856 is divided by 12755?
2346
Calculate the remainder when 90233498 is divided by 3175.
3173
Calculate the remainder when 424057 is divided by 22.
7
Calculate the remainder when 3536935 is divided by 399.
199
Calculate the remainder when 754089 is divided by 546.
63
What is the remainder when 7924 is divided by 1363?
1109
Calculate the remainder when 227784 is divided by 1163.
999
What is the remainder when 58423993 is divided by 93?
91
What is the remainder when 1302279 is divided by 15?
9
Calculate the remainder when 56144 is divided by 1710.
1424
Calculate the remainder when 3724031 is divided by 840.
311
Calculate the remainder when 58964483 is divided by 2388.
2375
Calculate the remainder when 230179 is divided by 630.
229
What is the remainder when 3684349 is divided by 1792?
1789
Calculate the remainder when 27684060 is divided by 11190.
0
Calculate the remainder when 7133410 is divided by 3392.
34
Calculate the remainder when 1083550 is divided by 216645.
325
What is the remainder when 39192 is divided by 12907?
471
What is the remainder when 258102 is divided by 15156?
450
What is the remainder when 2478358 is divided by 14837?
579
Calculate the remainder when 1026